{"id":70,"date":"2025-12-04T19:37:44","date_gmt":"2025-12-04T19:37:44","guid":{"rendered":"https:\/\/kinesionline.com.ar\/k\/?page_id=70"},"modified":"2026-02-13T20:30:11","modified_gmt":"2026-02-13T20:30:11","slug":"sesion","status":"publish","type":"page","link":"https:\/\/kinesionline.com.ar\/k\/sesion\/","title":{"rendered":"Prepara tu sesion"},"content":{"rendered":"<figure class=\"wp-block-post-featured-image\"><img loading=\"lazy\" decoding=\"async\" width=\"2560\" height=\"915\" src=\"https:\/\/kinesionline.com.ar\/k\/wp-content\/uploads\/2026\/02\/pract-2026-scaled.png\" class=\"attachment-post-thumbnail size-post-thumbnail wp-post-image\" alt=\"\" style=\"object-fit:cover;\" srcset=\"https:\/\/kinesionline.com.ar\/k\/wp-content\/uploads\/2026\/02\/pract-2026-scaled.png 2560w, https:\/\/kinesionline.com.ar\/k\/wp-content\/uploads\/2026\/02\/pract-2026-300x107.png 300w, https:\/\/kinesionline.com.ar\/k\/wp-content\/uploads\/2026\/02\/pract-2026-1024x366.png 1024w, https:\/\/kinesionline.com.ar\/k\/wp-content\/uploads\/2026\/02\/pract-2026-768x275.png 768w, https:\/\/kinesionline.com.ar\/k\/wp-content\/uploads\/2026\/02\/pract-2026-1536x549.png 1536w, https:\/\/kinesionline.com.ar\/k\/wp-content\/uploads\/2026\/02\/pract-2026-2048x732.png 2048w\" sizes=\"auto, (max-width: 2560px) 100vw, 2560px\" \/><\/figure>\n\n\n<p class=\"has-custom-0-d-353-e-color has-text-color has-link-color wp-elements-bdb4449d79ab158a120b4907dcec202c\" style=\"font-size:20px\">Para aprovechar al m\u00e1ximo tu consulta online, te recomendamos seguir estas indicaciones simples. Preparar el espacio y los elementos necesarios nos permite evaluar mejor tu movilidad, tu dolor y tu postura, y garantizar una sesi\u00f3n m\u00e1s efectiva.<\/p>\n\n\n\n<h2 class=\"wp-block-heading has-custom-ecf-6-f-6-color has-text-color has-link-color wp-elements-9918ca3d4fe7d7136f601a90690e2183\" style=\"font-size:20px\"><strong>Busca un espacio tranquilo<\/strong><\/h2>\n\n\n\n<p class=\"has-custom-0-d-353-e-color has-text-color has-link-color wp-elements-89e4d18a9b48fca3375362e2f5dd9861\" style=\"font-size:20px\">Eleg\u00ed un lugar c\u00f3modo, con buena iluminaci\u00f3n y el menor ruido posible. Si es tu casa, intent\u00e1 que sea un ambiente donde puedas moverte libremente.<\/p>\n\n\n\n<h2 class=\"wp-block-heading has-custom-ecf-6-f-6-color has-text-color has-link-color wp-elements-0842fbce816d7c439c8b475bcee2dc7e\" style=\"font-size:20px\"><strong>Asegurate de tener buena conexion<\/strong><\/h2>\n\n\n\n<p class=\"has-custom-0-d-353-e-color has-text-color has-link-color wp-elements-113e27a0d4cfa20abc13d9d08daa5174\" style=\"font-size:20px\">Conectate a una red WiFi estable para evitar cortes o interrupciones.<br>Si pod\u00e9s, ubic\u00e1 el dispositivo cerca del m\u00f3dem.<\/p>\n\n\n\n<h2 class=\"wp-block-heading has-custom-ecf-6-f-6-color has-text-color has-link-color wp-elements-f8e46da89b8aab328d9cf4021f328c3b\" style=\"font-size:20px\"><strong>Coloca la camara de forma que pueda verte completo\/a<\/strong><\/h2>\n\n\n\n<p class=\"has-custom-0-d-353-e-color has-text-color has-link-color wp-elements-a317dc403c1c22648a0cb9f31cf180ad\" style=\"font-size:20px\">Idealmente, us\u00e1 notebook, tablet o apoy\u00e1 el celular en un lugar firme.<br>Durante algunos ejercicios voy a pedirte que te pares, te muevas o cambies de posici\u00f3n, as\u00ed que necesitaremos un encuadre amplio.<\/p>\n\n\n\n<h2 class=\"wp-block-heading has-custom-ecf-6-f-6-color has-text-color has-link-color wp-elements-582dc0ee60cc336cb3e5a94ba074586c\" style=\"font-size:20px\"><strong>Ropa comoda de movimiento<\/strong><\/h2>\n\n\n\n<p class=\"has-custom-0-d-353-e-color has-text-color has-link-color wp-elements-880b0bfacf69aa3005f16c4fd24b65f0\" style=\"font-size:20px\">Us\u00e1 ropa deportiva o prendas que permitan ver bien tus articulaciones y tu postura.<br>Evitar ropa muy suelta ayuda a una evaluaci\u00f3n m\u00e1s precisa.<\/p>\n\n\n\n<h2 class=\"wp-block-heading has-custom-ecf-6-f-6-color has-text-color has-link-color wp-elements-cede3363cc2036205c06435058167118\" style=\"font-size:20px\"><strong>Tene a mano algunos elementos<\/strong><\/h2>\n\n\n\n<p class=\"has-custom-0-d-353-e-color has-text-color has-link-color wp-elements-2d64f753c4789e7f07ac22fc9f969147\" style=\"font-size:20px\">No son obligatorios, pero pueden ser \u00fatiles seg\u00fan tu caso: Colchoneta o manta, Silla firme, Toalla o banda el\u00e1stica, Agua<\/p>\n\n\n\n<h2 class=\"wp-block-heading has-custom-ecf-6-f-6-color has-text-color has-link-color wp-elements-09f0f378d7499bd26fea380034d3c328\" style=\"font-size:20px\"><strong>Prepara tus dudas o s\u00edntomas<\/strong><\/h2>\n\n\n\n<p class=\"has-custom-0-d-353-e-color has-text-color has-link-color wp-elements-89eb05c11dd8823c39fd997a0cd9f9a6\" style=\"font-size:20px\">Algunos ejemplos: Qu\u00e9 te duele,  desde cu\u00e1ndo, qu\u00e9 movimientos lo empeoran o alivian, que medicaci\u00f3n tom\u00e1s en caso de tomar, lesiones previas en caso de haber tenido<\/p>\n\n\n\n<p><\/p>\n","protected":false},"excerpt":{"rendered":"<p>Para aprovechar al m\u00e1ximo tu consulta online, te recomendamos seguir estas indicaciones simples. Preparar el espacio y los elementos necesarios nos permite evaluar mejor tu movilidad, tu dolor y tu postura, y garantizar una sesi\u00f3n m\u00e1s efectiva. Busca un espacio tranquilo Eleg\u00ed un lugar c\u00f3modo, con buena iluminaci\u00f3n y el menor ruido posible. Si es [&hellip;]<\/p>\n","protected":false},"author":2,"featured_media":201,"parent":0,"menu_order":3,"comment_status":"closed","ping_status":"closed","template":"","meta":{"footnotes":""},"class_list":["post-70","page","type-page","status-publish","has-post-thumbnail","hentry"],"_links":{"self":[{"href":"https:\/\/kinesionline.com.ar\/k\/wp-json\/wp\/v2\/pages\/70","targetHints":{"allow":["GET"]}}],"collection":[{"href":"https:\/\/kinesionline.com.ar\/k\/wp-json\/wp\/v2\/pages"}],"about":[{"href":"https:\/\/kinesionline.com.ar\/k\/wp-json\/wp\/v2\/types\/page"}],"author":[{"embeddable":true,"href":"https:\/\/kinesionline.com.ar\/k\/wp-json\/wp\/v2\/users\/2"}],"replies":[{"embeddable":true,"href":"https:\/\/kinesionline.com.ar\/k\/wp-json\/wp\/v2\/comments?post=70"}],"version-history":[{"count":5,"href":"https:\/\/kinesionline.com.ar\/k\/wp-json\/wp\/v2\/pages\/70\/revisions"}],"predecessor-version":[{"id":175,"href":"https:\/\/kinesionline.com.ar\/k\/wp-json\/wp\/v2\/pages\/70\/revisions\/175"}],"wp:featuredmedia":[{"embeddable":true,"href":"https:\/\/kinesionline.com.ar\/k\/wp-json\/wp\/v2\/media\/201"}],"wp:attachment":[{"href":"https:\/\/kinesionline.com.ar\/k\/wp-json\/wp\/v2\/media?parent=70"}],"curies":[{"name":"wp","href":"https:\/\/api.w.org\/{rel}","templated":true}]}}